2 + 464*j + 61. List the prime factors of p(57).
5, 23, 61
List the prime factors of (1 - 6) + ((-664)/(-3))/((-8)/(-588)).
3, 13, 139
Let d be (-2064)/(-9) - (4 + 33/(-9)). Let i = 71 + -28. Suppose -d = -6*h - i. List the prime factors of h.
31
Suppose 11*c + 3046 = 2*c + 32764. What are the prime factors of c?
2, 13, 127
Let k(x) = 54*x - 68. Let b be k(7). Let w = b + 85. What are the prime factors of w?
5, 79
Let h = 108 + -105. Suppose g + h*m = -g + 294, -5*g + 4*m + 735 = 0. What are the prime factors of g?
3, 7
Let i(f) = f**3 - 30*f**2 + 17*f - 20. List the prime factors of i(33).
2, 7, 17
Let q(o) = -o**3 - 14*o**2 + 139*o - 268. List the prime factors of q(-31).
2, 3, 5, 7
Suppose -36 + 216 = -18*a. What are the prime factors of 3/((-27)/(-10595)) + a/45?
11, 107
Suppose 10 = -2*g, -5*v + 3*g = -54 - 26. Suppose 3*b - 3*d - 1392 = 0, -3*b + v + 1394 = 2*d. List the prime factors of b.
467
Let v(l) = 9*l**2 + 146*l + 375. Let o(p) = 3*p**2 + 48*p + 125. Let f(d) = 7*o(d) - 2*v(d). What are the prime factors of f(-19)?
2, 3, 31
Suppose -222612 + 72759 = -19*y. What are the prime factors of y?
3, 11, 239
Let m = 726 - 411. Let y = m - -2. List the prime factors of y.
317
Let a(q) be the third derivative of 2*q**5/15 - 5*q**4/12 + 139*q**3/6 - 38*q**2 + 1. List the prime factors of a(-10).
1039
Let z be -3*(-4810)/105 + (-6)/14. Suppose 130*j - z*j + 399 = 0. What are the prime factors of j?
3, 19
Suppose 35*j - 2*f = 40*j - 102684, 5*j - f = 102663. What are the prime factors of j?
2, 10267
Let d(g) = -3*g**3 - 6*g**2 + 16*g + 19. What are the prime factors of d(-11)?
2, 5, 311
Let s(v) = v**2 - 12*v + 35. Let c be s(8). Suppose 5*y = c*h - 304, 55 = -2*y + 5*h - 59. What are the prime factors of (y + 2)*(-4)/8?
2, 3, 5
Suppose 12 - 87 = -3*s. What are the prime factors of (-2866)/(-10) - 15/s?
2, 11, 13
Suppose 0 = -2*w + 12, 92*w = 3*a + 97*w - 33219. List the prime factors of a.
13, 23, 37
Let r(p) = p - 11. Let n(h) = -h**2 - h - 1. Let d(l) = -2*n(l) + r(l). Let w be d(-4). Suppose w*m = 8*m + 354. List the prime factors of m.
2, 59
Let o = 16 - 14. Let s be (0/(-12))/(-3 + (-1 - -3)). Suppose s = -o*x - 116 + 558. What are the prime factors of x?
13, 17
Suppose 5*n + 11 = 4*b, 0*b = 3*n - 2*b + 7. Let z be (6 + -3)*n/(-3). Suppose 0 = -3*f + 2*l + 438, -z*l - 296 = -2*f - 4. What are the prime factors of f?
2, 73
Let k(h) = -7*h + 2237 + 0*h - h - 2175. What are the prime factors of k(-53)?
2, 3
Suppose 2*t - 4*z - 2914 = 390, 5*z - 4934 = -3*t. Suppose 2*h - 2*q + 2 - t = 0, -5*h = 4*q - 4124. Suppose 2*d - 6*d = -h. List the prime factors of d.
2, 103
Let r = 2029 - -6932. What are the prime factors of r?
3, 29, 103
List the prime factors of (-959392)/42*15/(-10).
2, 4283
Suppose 0 = -2*w + 4*w + j + 333, -4*w - 3*j - 669 = 0. Let k = 67 - w. List the prime factors of k.
2, 29
Let f = -22 + 40. Let k be (-6)/f + 14/6. Suppose 4*x - u - 179 = k*x, -x = 4*u - 94. List the prime factors of x.
2, 3, 5
Let c = -5 - 1. Let l be (-1360)/18 - 4/9. Let v = c - l. What are the prime factors of v?
2, 5, 7
Suppose 4*t - 2*d - 10 = 0, -4*d + d = -15. Suppose 30 = -i - 5*h, 2 = 3*h + t. List the prime factors of ((-5)/(i/(-78)))/((-14)/105).
3, 13
Let j = 69395 - 36533. List the prime factors of j.
2, 3, 5477
Let p(o) = -29*o**3 + 7*o**2 + 12*o + 58. What are the prime factors of p(-6)?
2, 3251
Let j(l) = l**2 + 20*l + 19. Let y be j(9). Let w = y - -64. List the prime factors of w.
2, 43
Suppose -75*b + 12363 = -71562. List the prime factors of b.
3, 373
Suppose -3*g + 5*f + 31 = 158, 3*g = 2*f - 139. Let l = -203 - g. List the prime factors of (-6)/((-305)/l + -2).
2, 7, 11
Let m(z) = z**2 + 2*z - 6. Let k be m(-5). Suppose 0 = l, 6*l + 162 = 2*x + 2*l. Suppose -k*q + 6*q = -x. List the prime factors of q.
3
Suppose -3*r + 87132 = -3*z, -z + 83875 = 2*r + 25805. List the prime factors of r.
2, 14519
Suppose -8*x - 178 = -402. What are the prime factors of (91/x - 3)/((-3)/(-6756))?
563
Let x = 22 + -57. Let p be (89/(-2))/(7/(-14)). Let y = x + p. List the prime factors of y.
2, 3
Suppose -9 + 39 = 6*i. Suppose -3*x + 0*g = i*g - 1353, -2*x + 909 = g. Suppose -144 = -2*y - 4*h, -5*y + x = h + 87. List the prime factors of y.
2, 37
Let l(k) = 2*k**2 - k - 65. Let u be l(7). Suppose u*m + 6102 - 21130 = 0. What are the prime factors of m?
2, 17
Let g(x) = -x**2 - 21*x + 3. Let a(u) be the first derivative of -u**4/4 + 2*u**3 - 3*u**2/2 + 3*u + 15. Let o be a(6). List the prime factors of g(o).
3, 31
Let d(r) = -r**3 - 9*r**2 + 70*r + 894. List the prime factors of d(-33).
2, 3, 5, 103
Let r = 4830 + -3052. What are the prime factors of r?
2, 7, 127
Let s(t) = 112*t - 54. Let k be s(5). Suppose 333 = -o + k. What are the prime factors of o?
173
Let r be ((-3)/(-5))/(1/5). Let z(m) = 9 - 3*m**3 - 3*m + 5*m**2 + 4*m + 2*m**r + 6*m. List the prime factors of z(6).
3, 5
Let h be ((2694/(-5))/1)/(494/1235). Let a = -842 - h. List the prime factors of a.
5, 101
Suppose 0 = 27*n - 33*n + 12. Suppose -1524 = -n*b + 386. What are the prime factors of b?
5, 191
Suppose 4*d - 4*f + f = 581, 0 = -4*d - 4*f + 588. Let n = -3059 - -2967. Let h = d + n. What are the prime factors of h?
2, 3
Suppose 3*z + 16677 = 26001. List the prime factors of z.
2, 3, 7, 37
Let y(q) = 31*q**2 - 14*q + 33. Let z = 298 - 294. What are the prime factors of y(z)?
11, 43
Suppose 0 = -8*z + 82*z - 1299736. List the prime factors of z.
2, 4391
Let v(u) = u**3 + u**2 + 12. Let i be v(0). Let j(w) = -22*w + 3 + i*w**2 + 2 + 35*w - 14*w. What are the prime factors of j(-3)?
2, 29
What are the prime factors of (14 + 20871/(-18))*-6?
3, 29, 79
Suppose -2*p + k + 15055 = 0, 5*k = -153*p + 155*p - 15035. List the prime factors of p.
2, 3, 5, 251
Suppose -c - 1 = -3, 5*c = 5*b - 105. Let a = 56 - b. Suppose 30*p + 69 = a*p. What are the prime factors of p?
23
List the prime factors of -52*(230/(-1725) - (-24322)/(-60)).
2, 13, 811
Suppose 6*z + 161504 = 5*v + 7*z, -v + 4*z = -32284. List the prime factors of v.
2, 5, 17, 19
Let x(g) = 7*g**3 - 44*g**2 - 180*g - 19. Let h(p) = 3*p**3 - 22*p**2 - 90*p - 9. Let a(v) = 5*h(v) - 2*x(v). List the prime factors of a(27).
2, 151
Let o(i) = -2*i**2 - 16*i - 20. Let t be o(-8). Let a be 1785 - t/((-12)/3). Suppose -9*x = -19*x + a. What are the prime factors of x?
2, 89
Suppose 0 = 5*w - 2*b - 66614, 737*w - 3*b - 13328 = 736*w. What are the prime factors of w?
2, 6661
What are the prime factors of (-16 - 15267/42)*(-32)/3?
2, 11, 23
Suppose 55*a = 28*a - 20736. Let q = a + 1417. List the prime factors of q.
11, 59
Let h(m) = -4*m + 17796. Let i be h(0). List the prime factors of (14/21)/(i/(-8901) + 2).
23, 43
Let u(f) = 1280*f**2 - 37*f + 36. What are the prime factors of u(1)?
1279
Let i be (-25)/(-175) - 27/(-7). Let w(c) = 5*c - 5 + 3*c + 17. List the prime factors of w(i).
2, 11
Let r be ((-23)/(483/72))/(2/(-35)). List the prime factors of (-4)/12 - (-49940)/r.
2, 13
Suppose -4*t - 10*c + 6*c + 106708 = 0, -32*c = 3*t - 80263. List the prime factors of t.
26669
Suppose -5*a = 3*v - 11 - 21, 0 = -3*a + 3*v. Suppose -1484 = -2*q + 15*p - 10*p, 2968 = a*q - 3*p. What are the prime factors of q?
2, 7, 53
Let t(m) = -20*m - 5*m**3 - 22 + 3*m**3 + 12*m**2 + 36*m. What are the prime factors of t(6)?
2, 37
Let q = 57 + -49. Suppose o = f + 46, -9*f = -q*f - 3. List the prime factors of o.
7
Let s(y) be the third derivative of -y**6/120 - 17*y**5/60 - 25*y**4/24 - 7*y**3/2 + y**2 + 2*y. List the prime factors of s(-17).
2, 101
What are the prime factors of -2942*(-12)/(-60)*-5?
2, 1471
Let d(t) be the first derivative of 9*t**2/2 + 4*t - 18. Suppose 0*a - 5*a = 5*h - 10, 0 = 5*h. What are the prime factors of d(a)?
2, 11
Let r be (-1 + 0)*6/(-6)*934. Suppose -r = -5*x + 791. What are the prime factors of x?
3, 5, 23
Suppose -6*l = -18 - 18. Let o be (-12)/4 + l*(-2)/(-4). Suppose 4*a - 9*a + 430 = o. What are the prime factors of a?
2, 43
Suppose -864 = -27*t + 23*t + 3*j, j - 880 = -4*t. Suppose -t*x - 546 = -221*x. List the prime factors of x.
3, 7, 13
Let u(t) = -2 + 7 + t - 5 - 3. Let r be u(5). Suppose 3*w = -3*l + 303, -63 - 347 = -4*w + r*l. List the prime factors of w.
2, 3, 17
Let x(r) = 5*r**2 + 8*r + 11. Let v be x(7). Suppose -p =